d by 109?
97
Calculate the remainder when 54187349 is divided by 37.
35
What is the remainder when 985672 is divided by 5299?
58
Calculate the remainder when 11749 is divided by 2462.
1901
Calculate the remainder when 321278 is divided by 890.
878
What is the remainder when 453952 is divided by 434?
422
Calculate the remainder when 35673474 is divided by 37.
35
Calculate the remainder when 1293822 is divided by 15.
12
What is the remainder when 114947 is divided by 1404?
1223
Calculate the remainder when 2201094 is divided by 575.
569
What is the remainder when 12987477 is divided by 22?
19
What is the remainder when 98021 is divided by 97120?
901
Calculate the remainder when 8117405 is divided by 1156.
1129
What is the remainder when 338176 is divided by 359?
357
Calculate the remainder when 96206145 is divided by 46.
43
Calculate the remainder when 67792 is divided by 7406.
1138
What is the remainder when 3480162 is divided by 3479789?
373
What is the remainder when 21525234 is divided by 1315?
1314
What is the remainder when 92389 is divided by 933?
22
Calculate the remainder when 1854662 is divided by 3785.
12
What is the remainder when 25596 is divided by 2495?
646
Calculate the remainder when 857252 is divided by 29560.
12
Calculate the remainder when 78247 is divided by 22.
15
Calculate the remainder when 114986 is divided by 4788.
74
What is the remainder when 759806 is divided by 4966?
8
Calculate the remainder when 291763 is divided by 9164.
7679
What is the remainder when 79706275 is divided by 15?
10
Calculate the remainder when 4904781 is divided by 298.
297
What is the remainder when 7972885 is divided by 193?
55
Calculate the remainder when 44246 is divided by 1115.
761
What is the remainder when 451740 is divided by 3204?
3180
What is the remainder when 3506176 is divided by 343?
30
Calculate the remainder when 4920687 is divided by 835.
32
What is the remainder when 63299694 is divided by 150?
144
Calculate the remainder when 1581778 is divided by 467.
49
What is the remainder when 313787 is divided by 245?
187
Calculate the remainder when 5607877 is divided by 190.
27
What is the remainder when 1568941 is divided by 522967?
40
What is the remainder when 13967 is divided by 1112?
623
What is the remainder when 2988697 is divided by 242?
239
Calculate the remainder when 833038 is divided by 416354.
330
What is the remainder when 1410250 is divided by 1121?
32
What is the remainder when 108952974 is divided by 21?
18
What is the remainder when 1985928 is divided by 839?
15
What is the remainder when 1812638 is divided by 139432?
22
Calculate the remainder when 468267 is divided by 93643.
52
Calculate the remainder when 12204967 is divided by 87.
85
Calculate the remainder when 1218860 is divided by 8962.
28
What is the remainder when 2452176 is divided by 326?
4
What is the remainder when 10974891 is divided by 38?
35
Calculate the remainder when 411552 is divided by 22862.
36
What is the remainder when 18907 is divided by 4102?
2499
What is the remainder when 9280393 is divided by 16310?
3
Calculate the remainder when 543942 is divided by 67761.
1854
What is the remainder when 1836390 is divided by 1674?
12
Calculate the remainder when 2552036 is divided by 60.
56
Calculate the remainder when 1182562 is divided by 2413.
192
Calculate the remainder when 2139551 is divided by 30.
11
What is the remainder when 696276 is divided by 15307?
7461
What is the remainder when 407578 is divided by 407568?
10
Calculate the remainder when 215731964 is divided by 2439.
2414
Calculate the remainder when 45711 is divided by 42510.
3201
Calculate the remainder when 1031501 is divided by 515739.
23
What is the remainder when 8356292 is divided by 8356289?
3
What is the remainder when 29315705 is divided by 554?
241
Calculate the remainder when 15100 is divided by 5023.
31
What is the remainder when 5973181 is divided by 5973153?
28
What is the remainder when 4868 is divided by 961?
63
What is the remainder when 7917 is divided by 2105?
1602
Calculate the remainder when 39534 is divided by 1363.
7
Calculate the remainder when 2212836 is divided by 3129.
633
Calculate the remainder when 55584 is divided by 55562.
22
Calculate the remainder when 3385177 is divided by 245.
12
Calculate the remainder when 193022279 is divided by 330.
329
What is the remainder when 170689 is divided by 745?
84
Calculate the remainder when 242269 is divided by 981.
943
Calculate the remainder when 2250917 is divided by 284.
217
Calculate the remainder when 1571886 is divided by 144.
126
What is the remainder when 2904226 is divided by 905?
81
What is the remainder when 117355 is divided by 16746?
133
Calculate the remainder when 314911 is divided by 78718.
39
What is the remainder when 912572519 is divided by 673?
671
What is the remainder when 10691208 is divided by 1354?
24
What is the remainder when 3731158 is divided by 680?
678
Calculate the remainder when 24468 is divided by 850.
668
Calculate the remainder when 1257829 is divided by 776.
709
Calculate the remainder when 2264638 is divided by 66.
46
Calculate the remainder when 21134 is divided by 7032.
38
Calculate the remainder when 36743115 is divided by 60136.
19
What is the remainder when 92338004 is divided by 6348?
6344
Calculate the remainder when 247321102 is divided by 12.
10
What is the remainder when 117381458 is divided by 1715?
1713
Calculate the remainder when 4313335 is divided by 20.
15
What is the remainder when 47878 is divided by 1899?
403
What is the remainder when 1405126 is divided by 4480?
2886
Calculate the remainder when 213807 is divided by 7122.
147
What is the remainder when 3285977 is divided by 99574?
35
Calculate the remainder when 6331001 is divided by 111070.
11
Calculate the remainder when 4259351 is divided by 384.
23
Calculate the remainder when 239481 is divided by 119423.
635
Calculate the remainder when 592571 is divided by 147683.
1839
What is the remainder when 51919404 is divided by 273?
264
What is the remainder when 6421 is divided by 4840?
1581
Calculate the remainder when 20554324 is divided by 3636.
16
What is the remainder when 68695 is divided by 8584?
23
Calculate the remainder when 41143157 is divided by 606.
605
What is the remainder when 100284 is divided by 3367?
2641
What is the remainder when 3015636 is divided by 251281?
264
Calculate the remainder when 143443 is divided by 307.
74
Calculate the remainder when 845316 is divided by 1194.
1158
What is the remainder when 389434 is divided by 6280?
74
Calculate the remainder when 664451 is divided by 23729.
39
What is the remainder when 11936340 is divided by 2387268?
0
What is the remainder when 330082307 is divided by 18?
17
Calculate the remainder when 10251366 is divided by 2050272.
6
Calculate the remainder when 24713596 is divided by 525820.
56
Calculate the remainder when 3681982 is divided by 920492.
14
What is the remainder when 28229295 is divided by 606?
603
Calculate the remainder when 592887 is divided by 23713.
62
Calculate the remainder when 127178 is divided by 63562.
54
Calculate the remainder when 91032 is divided by 44098.
2836
Calculate the remainder when 75898 is divided by 4553.
3050
Calculate the remainder when 123310 is divided by 260.
70
Calculate the remainder when 17050491 is divided by 1036.
3
What is the remainder when 64337 is divided by 4021?
1
What is the remainder when 493926 is divided by 575?
1
Calculate the remainder when 227358921 is divided by 2111.
2110
Calculate the remainder when 756038 is divided by 756029.
9
What is the remainder when 13242 is divided by 1115?
977
What is the remainder when 1599085 is divided by 53?
22
What is the remainder when 2758594 is divided by 14074?
90
What is the remainder when 90278671 is divided by 176?
175
Calculate the remainder when 3400959 is divided by 320.
319
What is the remainder when 1800849 is divided by 1457?
1454
What is the remainder when 1832456 is divided by 96444?
20
Calculate the remainder when 58796862 is divided by 1495.
7
Calculate the remainder when 67979477 is divided by 16994869.
1
Calculate the remainder when 191655 is divided by 2531.
1830
What is the remainder when 543601 is divided by 108679?
206
What is the 